 the hundreds digit of 16492527?
5
What is the hundred thousands digit of 267418724?
4
What is the tens digit of 191872059?
5
What is the tens digit of 200268528?
2
What is the tens digit of 69459466?
6
What is the thousands digit of 7610269583?
9
What is the hundreds digit of 524442416?
4
What is the units digit of 48781936?
6
What is the millions digit of 172559590?
2
What is the ten millions digit of 440390002?
4
What is the millions digit of 138748042?
8
What is the hundreds digit of 96682089?
0
What is the units digit of 1644347672?
2
What is the ten millions digit of 25785613?
2
What is the units digit of 5545471198?
8
What is the units digit of 959228675?
5
What is the units digit of 275185854?
4
What is the units digit of 180095808?
8
What is the hundreds digit of 55014809?
8
What is the ten millions digit of 3279267796?
7
What is the millions digit of 74793336?
4
What is the hundreds digit of 30666532?
5
What is the ten millions digit of 121796088?
2
What is the hundred millions digit of 3280877088?
2
What is the ten thousands digit of 4263285556?
8
What is the ten thousands digit of 5119839057?
3
What is the ten thousands digit of 28235814?
3
What is the tens digit of 5360149018?
1
What is the thousands digit of 745404286?
4
What is the millions digit of 71815059?
1
What is the ten millions digit of 3420149195?
2
What is the ten millions digit of 446232655?
4
What is the ten thousands digit of 123177935?
7
What is the tens digit of 2450603108?
0
What is the ten thousands digit of 275175759?
7
What is the thousands digit of 941305685?
5
What is the hundred thousands digit of 2697666129?
6
What is the millions digit of 74578121?
4
What is the ten thousands digit of 496112603?
1
What is the ten millions digit of 1305429626?
0
What is the thousands digit of 1656976?
6
What is the ten millions digit of 1455913553?
5
What is the millions digit of 216655255?
6
What is the ten thousands digit of 44278065?
7
What is the tens digit of 3780417536?
3
What is the hundreds digit of 46506453?
4
What is the hundred thousands digit of 33054636?
0
What is the hundred thousands digit of 158052580?
0
What is the ten millions digit of 11467851?
1
What is the units digit of 1080552915?
5
What is the ten millions digit of 785240561?
8
What is the hundreds digit of 268568006?
0
What is the units digit of 462088367?
7
What is the hundred millions digit of 212191990?
2
What is the hundred thousands digit of 761708367?
7
What is the units digit of 64767054?
4
What is the ten thousands digit of 4531559652?
5
What is the hundreds digit of 30192945?
9
What is the units digit of 556948939?
9
What is the thousands digit of 87951908?
1
What is the units digit of 92134393?
3
What is the millions digit of 88058737?
8
What is the tens digit of 541312333?
3
What is the ten thousands digit of 190917502?
1
What is the tens digit of 1007962871?
7
What is the thousands digit of 42240757?
0
What is the hundreds digit of 267100199?
1
What is the thousands digit of 475738079?
8
What is the hundreds digit of 1249524289?
2
What is the hundred thousands digit of 159509059?
5
What is the millions digit of 329254321?
9
What is the thousands digit of 331919994?
9
What is the ten thousands digit of 144906164?
0
What is the hundred thousands digit of 4442805626?
8
What is the millions digit of 54883867?
4
What is the hundred thousands digit of 5679451812?
4
What is the thousands digit of 852956013?
6
What is the ten millions digit of 130361323?
3
What is the millions digit of 363019152?
3
What is the hundreds digit of 1469132846?
8
What is the hundred millions digit of 171167212?
1
What is the tens digit of 64299121?
2
What is the thousands digit of 87793161?
3
What is the hundreds digit of 20403493?
4
What is the millions digit of 729256083?
9
What is the millions digit of 204533263?
4
What is the ten thousands digit of 428326465?
2
What is the hundred thousands digit of 72121399?
1
What is the hundred thousands digit of 127746468?
7
What is the ten thousands digit of 727757501?
5
What is the ten millions digit of 94614001?
9
What is the thousands digit of 3273630485?
0
What is the units digit of 20663362?
2
What is the thousands digit of 320198554?
8
What is the hundred thousands digit of 323436409?
4
What is the units digit of 472594241?
1
What is the thousands digit of 18594846?
4
What is the tens digit of 1355421242?
4
What is the ten millions digit of 532646691?
3
What is the ten millions digit of 20979481?
2
What is the hundred thousands digit of 29458886?
4
What is the hundred thousands digit of 189376706?
3
What is the tens digit of 1575811039?
3
What is the hundreds digit of 490087814?
8
What is the tens digit of 4219838471?
7
What is the millions digit of 102258231?
2
What is the millions digit of 1928253713?
8
What is the thousands digit of 2909700067?
0
What is the hundred thousands digit of 2797142622?
1
What is the units digit of 71740737?
7
What is the hundreds digit of 37298385?
3
What is the tens digit of 90340657?
5
What is the tens digit of 844104335?
3
What is the millions digit of 445045577?
5
What is the ten millions digit of 257573863?
5
What is the thousands digit of 20616830?
6
What is the thousands digit of 72094730?
4
What is the thousands digit of 13245270?
5
What is the hundred thousands digit of 145064484?
0
What is the millions digit of 207672133?
7
What is the ten thousands digit of 3113235408?
3
What is the thousands digit of 5005777833?
7
What is the ten thousands digit of 143895041?
9
What is the tens digit of 159810642?
4
What is the tens digit of 248298680?
8
What is the ten millions digit of 1234323272?
3
What is the hundreds digit of 1149338390?
3
What is the units digit of 107713041?
1
What is the units digit of 1622169?
9
What is the tens digit of 302685166?
6
What is the thousands digit of 2252344?
2
What is the tens digit of 3525438750?
5
What is the hundred thousands digit of 54861100?
8
What is the tens digit of 2852088168?
6
What is the hundreds digit of 265744833?
8
What is the ten millions digit of 256791806?
5
What is the hundred thousands digit of 7067701?
0
What is the millions digit of 1648854430?
8
What is the units digit of 299129142?
2
What is the millions digit of 51373290?
1
What is the ten millions digit of 1662072797?
6
What is the hundred millions digit of 474383774?
4
What is the ten millions digit of 43539209?
4
What is the hundred thousands digit of 1315098524?
0
What is the ten thousands digit of 72888754?
8
What is the hundreds digit of 283167827?
8
What is the ten millions digit of 839927845?
3
What is the hundred millions digit of 1197251017?
1
What is the hundred millions digit of 469860012?
4
What is the ten millions digit of 1649606408?
4
What is the hundred millions digit of 138399378?
1
What is the ten thousands digit of 75505262?
0
What is the hundred millions digit of 1177833415?
1
What is the thousands digit of 1642122164?
2
What is the ten millions digit of 2262943598?
6
What is the units digit of 55619928?
8
What is the millions digit of 474573303?
4
What is the hundred thousands digit of 65819760?
8
What is the tens digit of 40407313?
1
What is the thousands digit of 411768082?
8
What is the units digit of 171444169?
9
What is the ten millions digit of 1007103334?
0
What is the thousands digit of 417454886?
4
What is the units digit of 6641535?
5
What is the hundreds digit of 5570209806?
8
What is the ten millions digit of 126371923?
2
What is the thousands digit of 231980146?
0
What is the thousands digit of 800781149?
1
What is the millions digit of 139603603?
9
What is the hundreds digit of 1627981620?
6
What is the ten thousands digit of 68650967?
5
What is the millions digit of 1207447392?
7
What is the thousands digit of 304696211?
6
What is the units digit of 54003397?
7
What is the ten millions digit of 293765627?
9
What is the hundred millions digit of 2293683377?
2
What is the hundred thousands digit of 1868720?
8
What is the ten thousands digit of 202105953?
0
What is the units digit of 135898926?
6
What is the thousands digit of 34384204?
4
What is the hundred thousands digit of 104979628?
9
What is the ten millions digit of 79885784?
7
What is the tens digit of 45495688?
8
What is the mill